0*r - 4 - r + 1. What is j(p)?
-3
Let d(r) be the first derivative of r**2 - r - 5. Determine d(1).
1
Suppose 5*v - 3*y + 0*y + 15 = 0, v = -2*y - 16. Let a(j) = -j**2 - 7*j - 2. Let h be a(v). Let p(d) = d**3 - 4*d**2 - d + 4. Give p(h).
0
Let v(q) be the second derivative of q**5/20 - q**4/12 + q**3/6 + 2*q**2 + 13*q. Give v(0).
4
Let d(f) = -11*f**2. Let i(o) be the first derivative of -5*o**3/3 - 1. Let u(b) = -4*d(b) + 10*i(b). Give u(1).
-6
Let p(b) = b - 2. Let o be p(6). Let i(y) = y**2 - 7*y + 5. Calculate i(o).
-7
Let d(z) = z**2 - z**2 + 3*z**2 - 2*z - 4 + 0*z**2 + z**3. Suppose 0 = -y - 3 - 0. Calculate d(y).
2
Let y(u) be the second derivative of u**5/20 - 7*u**4/12 + u**3/6 - 5*u**2/2 - 3*u. Calculate y(7).
2
Let b(w) = w**2 - 4*w**3 + 2*w + 1 + 4 - 4. Let g be 2/(-3) - 2/6. Determine b(g).
4
Let d = 8 + -10. Let g(h) = 2 - 2 + 2 + 2*h. What is g(d)?
-2
Let p(g) = g**3 + 5*g**2 - 7*g - 6. Let j be p(-6). Suppose j = 4*w - 0*w + 20. Let o(u) = u + 2. Let a be o(w). Let y(i) = i + 2. What is y(a)?
-1
Let i(q) be the first derivative of -q**4/4 - 5*q**3/3 + 5*q**2/2 + 14. Give i(-6).
6
Let c(h) = -h + 3. Let n be c(0). Suppose 5*o + n*r - r = -22, 3*r = -o + 6. Let k(y) = -y**2 - 6*y. Calculate k(o).
0
Let m(h) = h**3 + 6*h**2 + 4*h - 2. Let d(q) = -q**3 + 10*q**2 - 10*q + 4. Let f be d(9). Determine m(f).
3
Let x(s) = 2*s**2 + 2*s - 2. Let u be x(-2). Let t = 10 - u. Let r = -13 + t. Let y(f) = f**3 + 5*f**2 - 2*f. Give y(r).
10
Let v(a) = -a**3 + a**2 + a + 10. Suppose 4*t = t + 3. Let u be -2 + 3 - (t + 0). What is v(u)?
10
Suppose 2*p - 14 = -4*s, 0 = -3*s - s - 5*p + 17. Let b be s - 2/(1 + 1). Let f(n) = -1 - 2*n**2 + 4*n**b + n - n**2 + 0. What is f(0)?
-1
Let r(g) = -g. Let b be r(-2). Let q(y) = -y - 3*y + 1 + 0 + b*y. Give q(1).
-1
Let u(h) = -2*h**2 + 7 - h**2 + 10*h + 6*h**2 - 2*h**2. Calculate u(-8).
-9
Let d(t) = t**3 - t**2 - t - 1. Let v be d(-1). Let u(i) = i**3 + 3*i**2 - 1. What is u(v)?
3
Let q(s) = 3*s**3 + 8*s**2 + s - 2. Let p(d) = 16*d**3 + 40*d**2 + 6*d - 11. Let t(y) = 2*p(y) - 11*q(y). Give t(-8).
-8
Let v(z) = -z**3 - z**2. Let j(f) = 5*f**3 + 5*f**2 - f - 6. Let l be 9/(-6) - (-3)/6. Let d(q) = l*j(q) - 6*v(q). Let s = -2 + 2. Determine d(s).
6
Let o(i) be the third derivative of i**6/120 - i**5/30 - i**4/8 - i**3/2 - 2*i**2. Suppose 2*m = -m - 6. What is o(m)?
-13
Let d(u) = u**3 + 5*u**2 + 5*u + 5. Suppose -3*a + 40 = 5*w, -4*a + 0*w = w - 25. Suppose a*q + 0*q = -20. Give d(q).
1
Let x(r) = 6*r**2 - 7*r - 2. Let m(n) = -2*n**2 + 2*n + 1. Let d(s) = -7*m(s) - 2*x(s). What is d(3)?
15
Suppose -3*x + 5*x = 4. Let g(s) = -4 - 6*s + 8 + 0*s**x - s**2 + 2. Determine g(-6).
6
Let r(c) = -c**3 - 2*c**2 - 3*c - 1. Let v = -1 - -10. Suppose -3 = -3*l - v. Calculate r(l).
5
Let f(s) be the first derivative of -s**2/2 + 4*s + 2. Determine f(6).
-2
Let a be (-8)/(-32) + 11/4. Let b = a - 10. Let i(s) = -2*s - 9. What is i(b)?
5
Let f = -12 + 14. Let t(s) = 5 + 2 + f*s - s - 9. What is t(-3)?
-5
Let p(h) = -2*h + 2. Let x be p(2). Let g(v) = -4*v**2 - 2 + 2*v**2 + 0. Determine g(x).
-10
Let w = -4 + -4. Let m(f) = -f - 3. Let q be m(w). Let t(k) = k - 3. Calculate t(q).
2
Let o(p) = p**2 + 5*p + 4. Let h be o(-5). Let m(w) be the third derivative of -w**6/120 + w**5/20 + w**4/6 - w**3/2 + w**2. Determine m(h).
-3
Let k(y) = -5 - 3*y**2 + 7*y**3 - 5*y**3 + 3*y + 4. Give k(2).
9
Let o(y) = y + 5. Let j be o(-5). Suppose j = z - 5*z + 8. Let f(n) = -2 + z - n. Give f(2).
-2
Let p be -2*2/1*-2. Let m be ((-8)/(-6))/(p/12). Suppose -4 = -m*u - t - 0, -2*u - 2*t + 4 = 0. Let c(q) = 2*q**3 - 3*q**2. Give c(u).
4
Suppose 3*u - 405 = -0*u. Let d be ((-3)/(-5))/(9/u). Let g = 6 - d. Let z(v) = -v**3 - v**2 + 5*v + 3. Determine z(g).
6
Suppose 4*g + 29 = -4*w + 5, 4*w - 6 = 2*g. Let v be ((-4)/(-16))/(w/(-4)). Suppose s - v + 3 = 0. Let f(d) = d**2 + 1. Give f(s).
5
Let y(t) = -t**2 + 1. Let z be 3/2*(-20)/30. Determine y(z).
0
Let a(y) = 5*y - 1. Let h(l) = 4*l - 1. Let c(m) = 6*a(m) - 7*h(m). Let d be -2 - (0 + -1 - -3). Give c(d).
-7
Let j(t) = t + 11. Let o be (-3 - (1 - 9))/(-1). What is j(o)?
6
Let w(l) = 7*l**2 - 9*l - 10. Let p(d) = d**2 - d - 1. Let b(s) = -6*p(s) + w(s). Let h(o) = o**2 - o - 3. Let q be h(3). Give b(q).
-4
Let r(c) = -c**3 - 7*c**2 - c - 7. Suppose 3*o = 2*a - 29, 3*o - a - 24 = 7*o. Calculate r(o).
0
Let j(p) = -p**3 + 4*p**2 + 6*p + 3. Let u be 3/(-9) - 10/(-3). Suppose 0 = 5*h - 129 - 56. Suppose 11 = t - 5*r - 14, u*r = 5*t - h. What is j(t)?
8
Let l(n) be the third derivative of -n**5/60 - n**4/8 + n**3/6 + 2*n**2. Let d(t) = -3*t**3 - 2*t**2 + 1. Let r be d(-1). Suppose -2 + 8 = -r*x. Give l(x).
1
Let y(n) = n - 11. Let b = 52 + -45. Give y(b).
-4
Let b(h) = h - 1. Suppose p + 3*p + 40 = 0. Let y be (-58)/(-18) - p/(-45). Give b(y).
2
Let z(s) = -s**2 - 11*s + 14. Let j be z(-12). Let t(q) = -q**j + 2*q + 3*q + 2 + 3 - 1. Give t(5).
4
Let b(t) = t**3 + 2*t**2 + t - 3. Let s(k) = -8*k - 14. Let u be s(-4). Let g = u - 21. What is b(g)?
-15
Let l(u) = 3*u**2 + 5 + 0 + u**3 - 1. Give l(-4).
-12
Suppose 0 = -2*c - 2, 4*o - c + 7 = -12. Let d(a) be the third derivative of -a**4/12 - a**3 + 41*a**2. Determine d(o).
4
Let w(s) be the third derivative of s**9/30240 - s**7/5040 - s**5/20 - 3*s**2. Let z(a) be the third derivative of w(a). Suppose c - 2 + 3 = 0. Give z(c).
-1
Let n(d) be the first derivative of -3*d**2 - 3*d + 1. Let j = 182 + -184. What is n(j)?
9
Let o(p) = -2*p + 2*p**2 - 3*p + p**3 + p. Suppose -4*b + 12 = -4*v, v + 2*b + 3 = -0*v. Calculate o(v).
3
Let x(v) = 3*v**2 + 3*v**2 - 5*v**2 - 1. Determine x(1).
0
Let i(j) be the third derivative of -j**6/120 + 7*j**5/60 - 3*j**4/8 + j**3/3 - 20*j**2. Suppose 4*o - 3 = 21. What is i(o)?
-16
Let g be (-3)/(-12) - 1/(8/(-62)). Let f(w) = w**2 - 6*w - 7. Calculate f(g).
9
Let y be 2 - (2 + 4/(-32)). Let d(o) be the third derivative of 0 + 0*o + y*o**4 - 5/6*o**3 + o**2 - 1/60*o**5. Calculate d(4).
-9
Suppose -7*f - 30 = -f. Let n(p) = 6*p**2 - 2*p - 12. Let i(k) = 5*k**2 - k - 11. Let l(r) = 5*i(r) - 4*n(r). Calculate l(f).
3
Let z(n) = n**2 + 2*n - 1. Suppose -5*t - 3*j - 24 = 0, -2*j = 4*t + 17 + 1. What is z(t)?
2
Let l(i) = -i**2 + 6*i + 2. Let u be l(5). Let s(k) = -u + 4*k - 2*k**2 + 0*k**2 + 3*k**2. What is s(-5)?
-2
Let m(g) = g**3 + 6*g**2 - 2*g - 8. Let j = -5 - 1. Let w be m(j). Let n(z) = 2*z. What is n(w)?
8
Let c(z) = 3*z**2 - z. Suppose 9 = 3*g - 0*g. Let n(r) = 4*r**2 - r. Let u(x) = g*c(x) - 2*n(x). Determine u(3).
6
Let q(m) = -m**3 - m**2 + m - 4. Let y be q(0). Let z = 4 + y. Let u(l) = l + z*l + 2*l - l. Calculate u(4).
8
Let y be 5/2 - (-3)/(-6). Suppose -12 = -y*o - o. Let h(t) = t**3 - 4 + t**2 + t + 3*t - 6*t**2. Calculate h(o).
-4
Let q(r) = -r**3 - 3*r**2 - 3*r - 1. Let f(g) be the second derivative of g - 4*g**2 + 0 - 1/6*g**3. Let m be f(-6). Determine q(m).
1
Suppose r = 3*d - 4*r + 30, 0 = -5*r. Let m = -7 - d. Suppose 0 + m = -l. Let n(p) = -p**2 + p + 2. Calculate n(l).
-10
Let o(r) = 10*r + 1 + 6*r - 9*r. Calculate o(1).
8
Let a(t) = 2*t + 9. Let d be a(-2). Let x(w) = w**3 - 5*w**2 - 3*w + 7. What is x(d)?
-8
Let x(b) be the second derivative of 5/2*b**2 + 1/6*b**3 + 0*b**4 + 1/20*b**5 + 0 + 5*b. Let j(s) = -s + 6. Let n be j(6). What is x(n)?
5
Let j(l) = 2*l + 18. Let k be j(-10). Let p(a) = 3*a**2 - 3*a - 3. Give p(k).
15
Let j(u) = -2*u + 4. Let z(x) = 2*x - 3. Let b(m) = -3*j(m) - 4*z(m). Determine b(2).
-4
Let h(q) be the first derivative of 5*q**3/2 - q**2/2 - q - 1. Let o(d) be the first derivative of h(d). Determine o(1).
14
Suppose 0 = -r - 2 + 1. Let j(p) = -2*p**3 - 2*p**2 + 1. Let k be j(r). Let h(a) = 4*a + 1. Let t be h(k). Let o(u) = u**3 - 6*u**2 + 5*u + 5. Calculate o(t).
5
Let h(b) = 6*b**3 + 26*b**2 - 10*b + 31. Let m(x) = x**3 + 5*x**2 - 2*x + 6. Let o(k) = 2*h(k) - 11*m(k). Give o(3).
2
Let d(y) = -3*y**2 + 3. Let z(j) = 2*j**2 - 2. Let l(s) = -5*d(s) - 7*z(s). Calculate l(1).
0
Let f(x) = 5*x**3 - 17*x**2 - 13*x - 4. Let d(h) = -h**3 + 4*h**2 + 3*h + 1. Let w(q) = 9*d(q) + 2*f(q). Calculate w(-1).
1
Let u(x) = -17*x + 7*x + 3 + 8*x + x. Let w be (-9)/(-1) + -1 + 1. Suppose 24 = -3*g + w. Determine u(g).
8
Let x(r) = 2*r + 5. Let y(v) = -v**2 + 5*v + 14. Let o(u) = 11*x(u) - 4*y(u